 composite?
True
Is 1635889 prime?
True
Is 11671 a prime number?
False
Is 150959 a composite number?
False
Is 148787 prime?
False
Is 4843 prime?
False
Is 5669 prime?
True
Is 527 composite?
True
Is 381 a prime number?
False
Is 19189 a composite number?
True
Is 17165 a composite number?
True
Is 164617 composite?
False
Is 436391 composite?
True
Is 10589 composite?
False
Is 17623 a prime number?
True
Is 114983 prime?
False
Is 664438 a composite number?
True
Is 10123 a prime number?
False
Is 922 prime?
False
Is 413849 prime?
True
Is 13367 a prime number?
True
Is 3531833 prime?
True
Is 803 prime?
False
Is 3587 prime?
False
Is 39971 composite?
False
Is 8791 a composite number?
True
Is 1227 a composite number?
True
Is 36293 composite?
False
Is 52487 a composite number?
True
Is 629 a composite number?
True
Is 667987 a prime number?
True
Is 292529 a prime number?
False
Is 25567 composite?
True
Is 23939 prime?
False
Is 22441 composite?
False
Is 16861 prime?
False
Is 1037 composite?
True
Is 3831 prime?
False
Is 12197 composite?
False
Is 62957 a prime number?
False
Is 46301 prime?
True
Is 17023 a prime number?
False
Is 893903 a composite number?
False
Is 27361 a composite number?
False
Is 16879 a prime number?
True
Is 533 a prime number?
False
Is 19913 a composite number?
False
Is 797 prime?
True
Is 405659 composite?
False
Is 332179 a prime number?
True
Is 49559 a prime number?
True
Is 49639 a prime number?
True
Is 30949 prime?
True
Is 809939 composite?
True
Is 1901 composite?
False
Is 281381 prime?
True
Is 7737 a prime number?
False
Is 5779 a prime number?
True
Is 7217 prime?
False
Is 735263 a composite number?
False
Is 4679 a prime number?
True
Is 89431 composite?
False
Is 65027 a composite number?
False
Is 64709 prime?
True
Is 2186222 prime?
False
Is 184949 a composite number?
False
Is 7411 a composite number?
False
Is 9767 composite?
False
Is 33403 a composite number?
False
Is 15209 a composite number?
True
Is 95671 a prime number?
False
Is 7781 prime?
False
Is 2447479 composite?
False
Is 1200071 composite?
True
Is 15163 a composite number?
True
Is 31091 a composite number?
False
Is 29159 a prime number?
False
Is 4663 a composite number?
False
Is 335999 a composite number?
False
Is 252633 composite?
True
Is 16645 a prime number?
False
Is 2019 prime?
False
Is 9543 composite?
True
Is 593767 a prime number?
True
Is 49409 composite?
False
Is 3901 prime?
False
Is 3953 a prime number?
False
Is 1845411 prime?
False
Is 326351 composite?
False
Is 177209 a composite number?
False
Is 64463 prime?
False
Is 165079 a composite number?
False
Is 114697 a composite number?
True
Is 272971 prime?
True
Is 37691 prime?
True
Is 47219 a composite number?
True
Is 262291 composite?
True
Is 11579 prime?
True
Is 875618 composite?
True
Is 22871 a prime number?
True
Is 185273 composite?
True
Is 52963 a composite number?
False
Is 24221 composite?
True
Is 38543 a composite number?
False
Is 6319 a composite number?
True
Is 832451 a prime number?
True
Is 49087 a prime number?
False
Is 2581 a prime number?
False
Is 182387 a prime number?
True
Is 991 a prime number?
True
Is 10207 composite?
True
Is 33101 prime?
False
Is 41187 prime?
False
Is 149557 composite?
True
Is 57841 a prime number?
False
Is 2179 prime?
True
Is 28019 a composite number?
False
Is 20721 a composite number?
True
Is 11597 composite?
False
Is 19583 composite?
False
Is 70351 a prime number?
True
Is 223667 a composite number?
False
Is 173449 composite?
True
Is 550079 a composite number?
True
Is 40693 a prime number?
True
Is 27509 composite?
False
Is 11246 prime?
False
Is 42429 a prime number?
False
Is 218245 composite?
True
Is 353867 a composite number?
False
Is 1497433 prime?
False
Is 584767 a prime number?
True
Is 133357 prime?
False
Is 384221 a composite number?
True
Is 1098451 composite?
False
Is 633133 prime?
True
Is 14503 a composite number?
False
Is 35489 a composite number?
True
Is 337 composite?
False
Is 73607 a composite number?
False
Is 202595 a composite number?
True
Is 5053 a prime number?
False
Is 81271 a prime number?
False
Is 188921 a prime number?
False
Is 1327 composite?
False
Is 697843 composite?
True
Is 66835 prime?
False
Is 5087 a composite number?
False
Is 53267 a prime number?
True
Is 20203 composite?
True
Is 4727 composite?
True
Is 526777 composite?
False
Is 679511 composite?
True
Is 6758201 composite?
False
Is 3271 composite?
False
Is 51049 composite?
True
Is 635 prime?
False
Is 65273 a prime number?
False
Is 799 composite?
True
Is 109309 prime?
False
Is 137021 a composite number?
True
Is 178781 prime?
True
Is 35213 a prime number?
False
Is 3181 prime?
True
Is 51647 prime?
True
Is 25031 a prime number?
True
Is 3079 prime?
True
Is 182269 composite?
True
Is 5279 composite?
False
Is 14797 composite?
False
Is 73673 composite?
False
Is 81337 prime?
False
Is 25919 composite?
False
Is 293441 prime?
True
Is 42605 a composite number?
True
Is 423977 a composite number?
False
Is 19255 a composite number?
True
Is 9469 composite?
True
Is 24121 a composite number?
False
Is 20255 prime?
False
Is 19913 a prime number?
True
Is 8263 a composite number?
False
Is 12955 a prime number?
False
Is 33505 prime?
False
Is 3161 a composite number?
True
Is 17659 a prime number?
True
Is 68998 composite?
True
Is 651323 a composite number?
False
Is 8989 a prime number?
False
Is 375359 a composite number?
False
Is 605617 a prime number?
True
Is 500107 composite?
False
Is 430543 prime?
True
Is 5051 prime?
True
Is 23399 a prime number?
True
Is 65177 composite?
True
Is 1028761 a prime number?
True
Is 18085 prime?
False
Is 49309 a prime number?
False
Is 3244907 composite?
False
Is 215335 a composite number?
True
Is 7387 prime?
False
Is 492227 a prime number?
True
Is 130099 a composite number?
False
Is 200683 prime?
False
Is 60859 composite?
False
Is 2767 a prime number?
True
Is 714061 prime?
True
Is 12889 prime?
True
Is 11441 a prime number?
False
Is 1285 composite?
True
Is 911879 a prime number?
True
Is 306897 a prime number?
False
Is 13961 a composite number?
True
Is 784427 a prime number?
False
Is 109789 composite?
False
Is 726217 prime?
False
Is 116837 composite?
True
Is 463642 composite?
True
Is 719 a prime number?
True
Is 4162 prime?
False
Is 528659 prime?
True
Is 851 a prime number?
False
Is 3227 a composite number?
True
Is 9239 a composite number?
False
Is 2897 composite?
False
Is 3531559 composite?
False
Is 1027 a prime number?
False
Is 113618 a prime number?
False
Is 298841 composite?
False
Is 4349 a prime number?
True
Is 37894 a composite number?
True
Is 154469 a prime number?
False
Is 67511 a composite number?
False
Is 13259 a prime number?
True
Is 3073 composite?
True
Is 53527 a prime number?
True
Is 19609 composite?
False
Is 23183 a composite number?
True
Is 947 prime?
True
Is 5897 prime?
True
Is 11821 a prime number?
True
Is 34663 composite?
True
Is 18181 prime?
True
Is 8529 a prime number?
False
Is 4309519 a prime number?
True
Is 94747 a composite number?
False
Is 2264269 a composite number?
True
Is 409 a composite number?
False
Is 96553 prime?
True
Is 184507 a composite number?
True
Is 2171919 a prime number?
False
Is 144539 a composite number?
False
Is 4279 prime?
False
Is 30187 a prime number?
True
Is 659639 composite?
False
Is 59893 a composite number?
True
Is 28319 a composite number?
False
Is 887 composite?
False
Is 8997 composite?
True
Is 98247 composite?
True
Is 21647 composite?
False
Is 36289 prime?
False
Is 314573 a composite number?
True
Is 35403 a prime number?
False
Is 5839 prime?
True
Is 225371 prime?
True
Is 21767 a prime number?
True
Is 55243 composite?
False
Is 8609 a composite number?
False
Is 71653 composite?
True
Is 138101 prime?
True
Is 28073 composite?
True
Is 193651 composite?
True
Is 1198421 a composite number?
True
Is 620507 composite?
False
Is 227803 composite?
True
Is 166633 prime?
False
Is 53701 a composite number?
True
Is 50097 prime?
False
Is 93239 prime?
True
Is 173521 composite?
True
Is 210391 a composite number?
False
Is 16663 a prime number?
False
Is 171007 composite?
False
Is 288137 composite?
False
Is 148793 a prime number?
True
Is 30289 a prime number?
False
Is 2857 composite?
False
Is 6861 a composite number?
True
Is 69743 a composite number?
True
Is 157901 a prime number?
T